{"id":161,"date":"2026-03-23T10:58:42","date_gmt":"2026-03-23T10:58:42","guid":{"rendered":"https:\/\/infuzme.fr\/?page_id=161"},"modified":"2026-03-23T10:59:31","modified_gmt":"2026-03-23T10:59:31","slug":"161-2","status":"publish","type":"page","link":"https:\/\/infuzme.fr\/?page_id=161","title":{"rendered":"Nos th\u00e9s"},"content":{"rendered":"<p>[et_pb_section fb_built=\u00a0\u00bb1&Prime; theme_builder_area=\u00a0\u00bbpost_content\u00a0\u00bb _builder_version=\u00a0\u00bb4.27.5&Prime; _module_preset=\u00a0\u00bbdefault\u00a0\u00bb][et_pb_row _builder_version=\u00a0\u00bb4.27.5&Prime; _module_preset=\u00a0\u00bbdefault\u00a0\u00bb theme_builder_area=\u00a0\u00bbpost_content\u00a0\u00bb][et_pb_column _builder_version=\u00a0\u00bb4.27.5&Prime; _module_preset=\u00a0\u00bbdefault\u00a0\u00bb type=\u00a0\u00bb4_4&Prime; theme_builder_area=\u00a0\u00bbpost_content\u00a0\u00bb][et_pb_text _builder_version=\u00a0\u00bb4.27.5&Prime; _module_preset=\u00a0\u00bbdefault\u00a0\u00bb theme_builder_area=\u00a0\u00bbpost_content\u00a0\u00bb text_text_color=\u00a0\u00bb#106d1c\u00a0\u00bb hover_enabled=\u00a0\u00bb0&Prime; sticky_enabled=\u00a0\u00bb0&Prime;]<\/p>\n<p style=\"text-align: justify;\"><strong>Nos th\u00e9s bien-\u00eatre<\/strong><\/p>\n<p style=\"text-align: justify;\">Chez Infuzme, le th\u00e9 est bien plus qu\u2019une simple boisson : c\u2019est un rituel, un moment de pause, une source d\u2019\u00e9nergie et de plaisir. Nous avons imagin\u00e9 une gamme de th\u00e9s uniques, alliant qualit\u00e9, saveurs raffin\u00e9es et bienfaits naturels. Chaque cr\u00e9ation est pens\u00e9e pour accompagner vos journ\u00e9es et sublimer vos instants de d\u00e9tente.<\/p>\n<p>[\/et_pb_text][\/et_pb_column][\/et_pb_row][et_pb_row _builder_version=\u00a0\u00bb4.27.5&Prime; _module_preset=\u00a0\u00bbdefault\u00a0\u00bb theme_builder_area=\u00a0\u00bbpost_content\u00a0\u00bb column_structure=\u00a0\u00bb1_5,3_5,1_5&Prime;][et_pb_column _builder_version=\u00a0\u00bb4.27.5&Prime; _module_preset=\u00a0\u00bbdefault\u00a0\u00bb type=\u00a0\u00bb1_5&Prime; theme_builder_area=\u00a0\u00bbpost_content\u00a0\u00bb][et_pb_image src=\u00a0\u00bbhttps:\/\/infuzme.fr\/wp-content\/uploads\/2026\/03\/ChatGPT-Image-23-mars-2026-a-11_41_52.jpg\u00a0\u00bb _builder_version=\u00a0\u00bb4.27.5&Prime; _module_preset=\u00a0\u00bbdefault\u00a0\u00bb theme_builder_area=\u00a0\u00bbpost_content\u00a0\u00bb title_text=\u00a0\u00bbChatGPT Image 23 mars 2026 \u00e0 11_41_52&Prime; hover_enabled=\u00a0\u00bb0&Prime; sticky_enabled=\u00a0\u00bb0&Prime;][\/et_pb_image][\/et_pb_column][et_pb_column _builder_version=\u00a0\u00bb4.27.5&Prime; _module_preset=\u00a0\u00bbdefault\u00a0\u00bb type=\u00a0\u00bb3_5&Prime; theme_builder_area=\u00a0\u00bbpost_content\u00a0\u00bb][et_pb_text _builder_version=\u00a0\u00bb4.27.5&Prime; _module_preset=\u00a0\u00bbdefault\u00a0\u00bb theme_builder_area=\u00a0\u00bbpost_content\u00a0\u00bb text_text_color=\u00a0\u00bb#106d1c\u00a0\u00bb hover_enabled=\u00a0\u00bb0&Prime; sticky_enabled=\u00a0\u00bb0&Prime;]<\/p>\n<p><strong>Th\u00e9 \u00c9veil Imp\u00e9rial &#8211; Th\u00e9 Vert Agrumes<\/strong><\/p>\n<p><em>Boite de 20 sachets &#8211; 3,99 \u20ac<\/em><\/p>\n<p style=\"text-align: justify;\">Le Th\u00e9 \u00c9veil Imp\u00e9rial est un th\u00e9 vert d\u2019exception, con\u00e7u pour vous offrir un r\u00e9veil en douceur. Associ\u00e9 \u00e0 des notes d\u00e9licates d\u2019agrumes et de citron, il apporte une sensation de fra\u00eecheur et de vitalit\u00e9 d\u00e8s les premi\u00e8res gorg\u00e9es.<br \/>Riche en antioxydants, ce th\u00e9 aide \u00e0 stimuler naturellement l\u2019organisme tout en favorisant la concentration. Il est id\u00e9al le matin ou en d\u00e9but de journ\u00e9e pour bien d\u00e9marrer, sans la brutalit\u00e9 du caf\u00e9.<\/p>\n<p>[\/et_pb_text][\/et_pb_column][et_pb_column _builder_version=\u00a0\u00bb4.27.5&Prime; _module_preset=\u00a0\u00bbdefault\u00a0\u00bb type=\u00a0\u00bb1_5&Prime; theme_builder_area=\u00a0\u00bbpost_content\u00a0\u00bb][et_pb_button button_text=\u00a0\u00bbAjouter au panier\u00a0\u00bb _builder_version=\u00a0\u00bb4.27.5&Prime; _module_preset=\u00a0\u00bbdefault\u00a0\u00bb theme_builder_area=\u00a0\u00bbpost_content\u00a0\u00bb hover_enabled=\u00a0\u00bb0&Prime; sticky_enabled=\u00a0\u00bb0&Prime;][\/et_pb_button][\/et_pb_column][\/et_pb_row][et_pb_row _builder_version=\u00a0\u00bb4.27.5&Prime; _module_preset=\u00a0\u00bbdefault\u00a0\u00bb theme_builder_area=\u00a0\u00bbpost_content\u00a0\u00bb column_structure=\u00a0\u00bb1_5,3_5,1_5&Prime;][et_pb_column _builder_version=\u00a0\u00bb4.27.5&Prime; _module_preset=\u00a0\u00bbdefault\u00a0\u00bb type=\u00a0\u00bb1_5&Prime; theme_builder_area=\u00a0\u00bbpost_content\u00a0\u00bb][et_pb_image src=\u00a0\u00bbhttps:\/\/infuzme.fr\/wp-content\/uploads\/2026\/03\/IMG_0443.jpg\u00a0\u00bb _builder_version=\u00a0\u00bb4.27.5&Prime; _module_preset=\u00a0\u00bbdefault\u00a0\u00bb theme_builder_area=\u00a0\u00bbpost_content\u00a0\u00bb title_text=\u00a0\u00bbScreenshot\u00a0\u00bb hover_enabled=\u00a0\u00bb0&Prime; sticky_enabled=\u00a0\u00bb0&Prime;][\/et_pb_image][\/et_pb_column][et_pb_column _builder_version=\u00a0\u00bb4.27.5&Prime; _module_preset=\u00a0\u00bbdefault\u00a0\u00bb type=\u00a0\u00bb3_5&Prime; theme_builder_area=\u00a0\u00bbpost_content\u00a0\u00bb][et_pb_text _builder_version=\u00a0\u00bb4.27.5&Prime; _module_preset=\u00a0\u00bbdefault\u00a0\u00bb theme_builder_area=\u00a0\u00bbpost_content\u00a0\u00bb text_text_color=\u00a0\u00bb#106d1c\u00a0\u00bb hover_enabled=\u00a0\u00bb0&Prime; sticky_enabled=\u00a0\u00bb0&Prime;]<\/p>\n<p><strong>Th\u00e9 Jardin Secret &#8211; Th\u00e9 Noir Fleuri\u00a0<\/strong><\/p>\n<p><em>Boite de 20 sachets &#8211; 3,99 \u20ac<\/em><\/p>\n<p style=\"text-align: justify;\">Plongez dans un univers floral avec le Th\u00e9 Jardin Secret. Ce m\u00e9lange raffin\u00e9 de th\u00e9 noir et de fleurs d\u00e9licates comme la rose et l\u2019hibiscus offre une exp\u00e9rience sensorielle unique.<br \/>Son go\u00fbt l\u00e9g\u00e8rement sucr\u00e9 et parfum\u00e9 en fait un th\u00e9 parfait pour une pause gourmande. Il \u00e9voque un jardin en pleine floraison, apportant calme et douceur \u00e0 chaque tasse.<\/p>\n<p>[\/et_pb_text][\/et_pb_column][et_pb_column _builder_version=\u00a0\u00bb4.27.5&Prime; _module_preset=\u00a0\u00bbdefault\u00a0\u00bb type=\u00a0\u00bb1_5&Prime; theme_builder_area=\u00a0\u00bbpost_content\u00a0\u00bb][et_pb_button button_text=\u00a0\u00bbAjouter au panier\u00a0\u00bb _builder_version=\u00a0\u00bb4.27.5&Prime; _module_preset=\u00a0\u00bbdefault\u00a0\u00bb theme_builder_area=\u00a0\u00bbpost_content\u00a0\u00bb hover_enabled=\u00a0\u00bb0&Prime; sticky_enabled=\u00a0\u00bb0&Prime;][\/et_pb_button][\/et_pb_column][\/et_pb_row][et_pb_row _builder_version=\u00a0\u00bb4.27.5&Prime; _module_preset=\u00a0\u00bbdefault\u00a0\u00bb theme_builder_area=\u00a0\u00bbpost_content\u00a0\u00bb column_structure=\u00a0\u00bb1_5,3_5,1_5&Prime;][et_pb_column _builder_version=\u00a0\u00bb4.27.5&Prime; _module_preset=\u00a0\u00bbdefault\u00a0\u00bb type=\u00a0\u00bb1_5&Prime; theme_builder_area=\u00a0\u00bbpost_content\u00a0\u00bb][et_pb_image src=\u00a0\u00bbhttps:\/\/infuzme.fr\/wp-content\/uploads\/2026\/03\/IMG_0444.jpg\u00a0\u00bb _builder_version=\u00a0\u00bb4.27.5&Prime; _module_preset=\u00a0\u00bbdefault\u00a0\u00bb theme_builder_area=\u00a0\u00bbpost_content\u00a0\u00bb title_text=\u00a0\u00bbScreenshot\u00a0\u00bb hover_enabled=\u00a0\u00bb0&Prime; sticky_enabled=\u00a0\u00bb0&Prime;][\/et_pb_image][\/et_pb_column][et_pb_column _builder_version=\u00a0\u00bb4.27.5&Prime; _module_preset=\u00a0\u00bbdefault\u00a0\u00bb type=\u00a0\u00bb3_5&Prime; theme_builder_area=\u00a0\u00bbpost_content\u00a0\u00bb][et_pb_text _builder_version=\u00a0\u00bb4.27.5&Prime; _module_preset=\u00a0\u00bbdefault\u00a0\u00bb theme_builder_area=\u00a0\u00bbpost_content\u00a0\u00bb text_text_color=\u00a0\u00bb#106d1c\u00a0\u00bb hover_enabled=\u00a0\u00bb0&Prime; sticky_enabled=\u00a0\u00bb0&Prime;]<\/p>\n<p><strong>Th\u00e9 \u00c9nergie Br\u00fblante &#8211; Th\u00e9 Noir Epic\u00e9<\/strong><\/p>\n<p><em>Boite de 20 sachets &#8211; 3,99 \u20ac<\/em><\/p>\n<p style=\"text-align: justify;\">Le Th\u00e9 \u00c9nergie Br\u00fblante est con\u00e7u pour les amateurs de sensations intenses. Ce th\u00e9 noir est relev\u00e9 par des notes \u00e9pic\u00e9es de cannelle, de gingembre et une pointe de poivre.<br \/>Dynamisant et r\u00e9confortant, il stimule le corps et l\u2019esprit tout en offrant une chaleur agr\u00e9able. Parfait pour les journ\u00e9es fra\u00eeches ou les moments o\u00f9 vous avez besoin d\u2019un coup de boost.<\/p>\n<p>[\/et_pb_text][\/et_pb_column][et_pb_column _builder_version=\u00a0\u00bb4.27.5&Prime; _module_preset=\u00a0\u00bbdefault\u00a0\u00bb type=\u00a0\u00bb1_5&Prime; theme_builder_area=\u00a0\u00bbpost_content\u00a0\u00bb][et_pb_button button_text=\u00a0\u00bbAjouter au panier \u00a0\u00bb _builder_version=\u00a0\u00bb4.27.5&Prime; _module_preset=\u00a0\u00bbdefault\u00a0\u00bb theme_builder_area=\u00a0\u00bbpost_content\u00a0\u00bb hover_enabled=\u00a0\u00bb0&Prime; sticky_enabled=\u00a0\u00bb0&Prime;][\/et_pb_button][\/et_pb_column][\/et_pb_row][et_pb_row _builder_version=\u00a0\u00bb4.27.5&Prime; _module_preset=\u00a0\u00bbdefault\u00a0\u00bb theme_builder_area=\u00a0\u00bbpost_content\u00a0\u00bb column_structure=\u00a0\u00bb1_5,3_5,1_5&Prime;][et_pb_column _builder_version=\u00a0\u00bb4.27.5&Prime; _module_preset=\u00a0\u00bbdefault\u00a0\u00bb type=\u00a0\u00bb1_5&Prime; theme_builder_area=\u00a0\u00bbpost_content\u00a0\u00bb][et_pb_image src=\u00a0\u00bbhttps:\/\/infuzme.fr\/wp-content\/uploads\/2026\/03\/IMG_0445.jpg\u00a0\u00bb _builder_version=\u00a0\u00bb4.27.5&Prime; _module_preset=\u00a0\u00bbdefault\u00a0\u00bb theme_builder_area=\u00a0\u00bbpost_content\u00a0\u00bb title_text=\u00a0\u00bbScreenshot\u00a0\u00bb hover_enabled=\u00a0\u00bb0&Prime; sticky_enabled=\u00a0\u00bb0&Prime;][\/et_pb_image][\/et_pb_column][et_pb_column _builder_version=\u00a0\u00bb4.27.5&Prime; _module_preset=\u00a0\u00bbdefault\u00a0\u00bb type=\u00a0\u00bb3_5&Prime; theme_builder_area=\u00a0\u00bbpost_content\u00a0\u00bb][et_pb_text _builder_version=\u00a0\u00bb4.27.5&Prime; _module_preset=\u00a0\u00bbdefault\u00a0\u00bb theme_builder_area=\u00a0\u00bbpost_content\u00a0\u00bb hover_enabled=\u00a0\u00bb0&Prime; sticky_enabled=\u00a0\u00bb0&Prime;]<\/p>\n<p><span style=\"color: #106d1c;\"><strong>Th\u00e9 Douceur Velours &#8211; Th\u00e9 Blanc\u00a0<\/strong><\/span><span style=\"color: #106d1c;\"><span style=\"caret-color: #106d1c;\"><b>P\u00eache<\/b><\/span><\/span><\/p>\n<p><span style=\"color: #106d1c;\"><em>Boite de 20 sachets &#8211; 3,99 \u20ac<\/em><\/span><\/p>\n<p style=\"text-align: justify;\"><span style=\"color: #106d1c;\">Le Th\u00e9 Douceur Velours est une invitation \u00e0 la tendresse. Ce th\u00e9 blanc d\u00e9licat est sublim\u00e9 par des ar\u00f4mes de p\u00eache et de fruits doux, cr\u00e9ant une boisson l\u00e9g\u00e8re et raffin\u00e9e.<\/span><br \/><span style=\"color: #106d1c;\">Faible en th\u00e9ine, il peut \u00eatre d\u00e9gust\u00e9 \u00e0 tout moment de la journ\u00e9e. Son go\u00fbt subtil et enveloppant en fait un compagnon id\u00e9al pour un moment de calme et de relaxation.<\/span><\/p>\n<p>[\/et_pb_text][\/et_pb_column][et_pb_column _builder_version=\u00a0\u00bb4.27.5&Prime; _module_preset=\u00a0\u00bbdefault\u00a0\u00bb type=\u00a0\u00bb1_5&Prime; theme_builder_area=\u00a0\u00bbpost_content\u00a0\u00bb][et_pb_button button_text=\u00a0\u00bbAjouter au panier \u00a0\u00bb _builder_version=\u00a0\u00bb4.27.5&Prime; _module_preset=\u00a0\u00bbdefault\u00a0\u00bb theme_builder_area=\u00a0\u00bbpost_content\u00a0\u00bb hover_enabled=\u00a0\u00bb0&Prime; sticky_enabled=\u00a0\u00bb0&Prime;][\/et_pb_button][\/et_pb_column][\/et_pb_row][et_pb_row _builder_version=\u00a0\u00bb4.27.5&Prime; _module_preset=\u00a0\u00bbdefault\u00a0\u00bb theme_builder_area=\u00a0\u00bbpost_content\u00a0\u00bb column_structure=\u00a0\u00bb1_5,3_5,1_5&Prime;][et_pb_column _builder_version=\u00a0\u00bb4.27.5&Prime; _module_preset=\u00a0\u00bbdefault\u00a0\u00bb type=\u00a0\u00bb1_5&Prime; theme_builder_area=\u00a0\u00bbpost_content\u00a0\u00bb][et_pb_image src=\u00a0\u00bbhttps:\/\/infuzme.fr\/wp-content\/uploads\/2026\/03\/IMG_0446.jpg\u00a0\u00bb _builder_version=\u00a0\u00bb4.27.5&Prime; _module_preset=\u00a0\u00bbdefault\u00a0\u00bb theme_builder_area=\u00a0\u00bbpost_content\u00a0\u00bb title_text=\u00a0\u00bbScreenshot\u00a0\u00bb hover_enabled=\u00a0\u00bb0&Prime; sticky_enabled=\u00a0\u00bb0&Prime;][\/et_pb_image][\/et_pb_column][et_pb_column _builder_version=\u00a0\u00bb4.27.5&Prime; _module_preset=\u00a0\u00bbdefault\u00a0\u00bb type=\u00a0\u00bb3_5&Prime; theme_builder_area=\u00a0\u00bbpost_content\u00a0\u00bb][et_pb_text _builder_version=\u00a0\u00bb4.27.5&Prime; _module_preset=\u00a0\u00bbdefault\u00a0\u00bb theme_builder_area=\u00a0\u00bbpost_content\u00a0\u00bb hover_enabled=\u00a0\u00bb0&Prime; sticky_enabled=\u00a0\u00bb0&Prime;]<\/p>\n<p><span style=\"color: #106d1c;\"><strong>Th\u00e9 Brise Oc\u00e9ane &#8211; Th\u00e9 Vert Rafraichissant<\/strong><\/span><\/p>\n<p><span style=\"color: #106d1c;\"><em>Boite de 20 sachets &#8211; 3,99 \u20ac<\/em><\/span><\/p>\n<p style=\"text-align: justify;\"><span style=\"color: #106d1c;\">Le Th\u00e9 Brise Oc\u00e9ane est un th\u00e9 vert aux notes fra\u00eeches et marines, inspir\u00e9 par la nature. Enrichi de menthe et d\u2019une touche de citron vert, il procure une sensation de puret\u00e9 et de l\u00e9g\u00e8ret\u00e9.<\/span><br \/><span style=\"color: #106d1c;\">Il est parfait pour se rafra\u00eechir et se revitaliser, notamment lors des journ\u00e9es chaudes. Ce th\u00e9 peut \u00e9galement \u00eatre d\u00e9gust\u00e9 glac\u00e9 pour un effet encore plus d\u00e9salt\u00e9rant.<\/span><\/p>\n<p>[\/et_pb_text][\/et_pb_column][et_pb_column _builder_version=\u00a0\u00bb4.27.5&Prime; _module_preset=\u00a0\u00bbdefault\u00a0\u00bb type=\u00a0\u00bb1_5&Prime; theme_builder_area=\u00a0\u00bbpost_content\u00a0\u00bb][et_pb_button button_text=\u00a0\u00bbAjouter au panier \u00a0\u00bb _builder_version=\u00a0\u00bb4.27.5&Prime; _module_preset=\u00a0\u00bbdefault\u00a0\u00bb theme_builder_area=\u00a0\u00bbpost_content\u00a0\u00bb hover_enabled=\u00a0\u00bb0&Prime; sticky_enabled=\u00a0\u00bb0&Prime;][\/et_pb_button][\/et_pb_column][\/et_pb_row][et_pb_row _builder_version=\u00a0\u00bb4.27.5&Prime; _module_preset=\u00a0\u00bbdefault\u00a0\u00bb theme_builder_area=\u00a0\u00bbpost_content\u00a0\u00bb column_structure=\u00a0\u00bb1_5,3_5,1_5&Prime;][et_pb_column _builder_version=\u00a0\u00bb4.27.5&Prime; _module_preset=\u00a0\u00bbdefault\u00a0\u00bb type=\u00a0\u00bb1_5&Prime; theme_builder_area=\u00a0\u00bbpost_content\u00a0\u00bb][et_pb_image src=\u00a0\u00bbhttps:\/\/infuzme.fr\/wp-content\/uploads\/2026\/03\/IMG_0446-2.jpg\u00a0\u00bb _builder_version=\u00a0\u00bb4.27.5&Prime; _module_preset=\u00a0\u00bbdefault\u00a0\u00bb theme_builder_area=\u00a0\u00bbpost_content\u00a0\u00bb title_text=\u00a0\u00bbScreenshot\u00a0\u00bb hover_enabled=\u00a0\u00bb0&Prime; sticky_enabled=\u00a0\u00bb0&Prime;][\/et_pb_image][\/et_pb_column][et_pb_column _builder_version=\u00a0\u00bb4.27.5&Prime; _module_preset=\u00a0\u00bbdefault\u00a0\u00bb type=\u00a0\u00bb3_5&Prime; theme_builder_area=\u00a0\u00bbpost_content\u00a0\u00bb][et_pb_text _builder_version=\u00a0\u00bb4.27.5&Prime; _module_preset=\u00a0\u00bbdefault\u00a0\u00bb theme_builder_area=\u00a0\u00bbpost_content\u00a0\u00bb hover_enabled=\u00a0\u00bb0&Prime; sticky_enabled=\u00a0\u00bb0&Prime;]<\/p>\n<p><span style=\"color: #106d1c;\"><strong>Th\u00e9 Nuit Gourmande &#8211; Th\u00e9 Noir Dessert<\/strong><\/span><\/p>\n<p><span style=\"color: #106d1c;\"><em>Boite de 20 sachets &#8211; 3,99 \u20ac<\/em><\/span><\/p>\n<p style=\"text-align: justify;\"><span style=\"color: #106d1c;\">Le Th\u00e9 Nuit Gourmande est une v\u00e9ritable douceur pour les amateurs de saveurs sucr\u00e9es. Ce th\u00e9 noir associe des notes de cacao et de vanille pour une exp\u00e9rience r\u00e9confortante et chaleureuse.<\/span><br \/><span style=\"color: #106d1c;\">Id\u00e9al en fin de journ\u00e9e, il remplace avantageusement les desserts trop sucr\u00e9s. Il permet de se faire plaisir tout en profitant d\u2019un moment cocooning.<\/span><\/p>\n<p>[\/et_pb_text][\/et_pb_column][et_pb_column _builder_version=\u00a0\u00bb4.27.5&Prime; _module_preset=\u00a0\u00bbdefault\u00a0\u00bb type=\u00a0\u00bb1_5&Prime; theme_builder_area=\u00a0\u00bbpost_content\u00a0\u00bb][et_pb_button button_text=\u00a0\u00bbAjouter au panier \u00a0\u00bb _builder_version=\u00a0\u00bb4.27.5&Prime; _module_preset=\u00a0\u00bbdefault\u00a0\u00bb theme_builder_area=\u00a0\u00bbpost_content\u00a0\u00bb hover_enabled=\u00a0\u00bb0&Prime; sticky_enabled=\u00a0\u00bb0&Prime;][\/et_pb_button][\/et_pb_column][\/et_pb_row][et_pb_row _builder_version=\u00a0\u00bb4.27.5&Prime; _module_preset=\u00a0\u00bbdefault\u00a0\u00bb theme_builder_area=\u00a0\u00bbpost_content\u00a0\u00bb][et_pb_column _builder_version=\u00a0\u00bb4.27.5&Prime; _module_preset=\u00a0\u00bbdefault\u00a0\u00bb type=\u00a0\u00bb4_4&Prime; theme_builder_area=\u00a0\u00bbpost_content\u00a0\u00bb][et_pb_text _builder_version=\u00a0\u00bb4.27.5&Prime; _module_preset=\u00a0\u00bbdefault\u00a0\u00bb theme_builder_area=\u00a0\u00bbpost_content\u00a0\u00bb hover_enabled=\u00a0\u00bb0&Prime; sticky_enabled=\u00a0\u00bb0&Prime; text_text_color=\u00a0\u00bb#106d1c\u00a0\u00bb]<\/p>\n<p><strong>Une exp\u00e9rience unique \u00e0 chaque tasse<\/strong><\/p>\n<p>Chaque th\u00e9 Infuzme est con\u00e7u pour offrir un \u00e9quilibre parfait entre plaisir et bien-\u00eatre. Nous s\u00e9lectionnons des feuilles de th\u00e9 de qualit\u00e9 et des ingr\u00e9dients soigneusement choisis pour cr\u00e9er des m\u00e9langes uniques.<br \/>Que vous recherchiez de l\u2019\u00e9nergie, de la d\u00e9tente ou simplement un moment pour vous, notre collection de th\u00e9s vous accompagne \u00e0 chaque instant de votre journ\u00e9e.<\/p>\n<p>[\/et_pb_text][\/et_pb_column][\/et_pb_row][\/et_pb_section]<\/p>\n","protected":false},"excerpt":{"rendered":"<p>Nos th\u00e9s bien-\u00eatre Chez Infuzme, le th\u00e9 est bien plus qu\u2019une simple boisson : c\u2019est un rituel, un moment de pause, une source d\u2019\u00e9nergie et de plaisir. Nous avons imagin\u00e9 une gamme de th\u00e9s uniques, alliant qualit\u00e9, saveurs raffin\u00e9es et bienfaits naturels. Chaque cr\u00e9ation est pens\u00e9e pour accompagner vos journ\u00e9es et sublimer vos instants de [&hellip;]<\/p>\n","protected":false},"author":1,"featured_media":0,"parent":0,"menu_order":0,"comment_status":"closed","ping_status":"closed","template":"","meta":{"_et_pb_use_builder":"on","_et_pb_old_content":"","_et_gb_content_width":"","footnotes":""},"class_list":["post-161","page","type-page","status-publish","hentry"],"yoast_head":"<!-- This site is optimized with the Yoast SEO plugin v27.1.1 - https:\/\/yoast.com\/product\/yoast-seo-wordpress\/ -->\n<title>Nos th\u00e9s - Infuzme<\/title>\n<meta name=\"robots\" content=\"index, follow, max-snippet:-1, max-image-preview:large, max-video-preview:-1\" \/>\n<link rel=\"canonical\" href=\"https:\/\/infuzme.fr\/?page_id=161\" \/>\n<meta property=\"og:locale\" content=\"fr_FR\" \/>\n<meta property=\"og:type\" content=\"article\" \/>\n<meta property=\"og:title\" content=\"Nos th\u00e9s - Infuzme\" \/>\n<meta property=\"og:description\" content=\"Nos th\u00e9s bien-\u00eatre Chez Infuzme, le th\u00e9 est bien plus qu\u2019une simple boisson : c\u2019est un rituel, un moment de pause, une source d\u2019\u00e9nergie et de plaisir. Nous avons imagin\u00e9 une gamme de th\u00e9s uniques, alliant qualit\u00e9, saveurs raffin\u00e9es et bienfaits naturels. Chaque cr\u00e9ation est pens\u00e9e pour accompagner vos journ\u00e9es et sublimer vos instants de [&hellip;]\" \/>\n<meta property=\"og:url\" content=\"https:\/\/infuzme.fr\/?page_id=161\" \/>\n<meta property=\"og:site_name\" content=\"Infuzme\" \/>\n<meta property=\"article:modified_time\" content=\"2026-03-23T10:59:31+00:00\" \/>\n<meta name=\"twitter:card\" content=\"summary_large_image\" \/>\n<script type=\"application\/ld+json\" class=\"yoast-schema-graph\">{\"@context\":\"https:\/\/schema.org\",\"@graph\":[{\"@type\":\"WebPage\",\"@id\":\"https:\/\/infuzme.fr\/?page_id=161\",\"url\":\"https:\/\/infuzme.fr\/?page_id=161\",\"name\":\"Nos th\u00e9s - Infuzme\",\"isPartOf\":{\"@id\":\"https:\/\/infuzme.fr\/#website\"},\"datePublished\":\"2026-03-23T10:58:42+00:00\",\"dateModified\":\"2026-03-23T10:59:31+00:00\",\"breadcrumb\":{\"@id\":\"https:\/\/infuzme.fr\/?page_id=161#breadcrumb\"},\"inLanguage\":\"fr-FR\",\"potentialAction\":[{\"@type\":\"ReadAction\",\"target\":[\"https:\/\/infuzme.fr\/?page_id=161\"]}]},{\"@type\":\"BreadcrumbList\",\"@id\":\"https:\/\/infuzme.fr\/?page_id=161#breadcrumb\",\"itemListElement\":[{\"@type\":\"ListItem\",\"position\":1,\"name\":\"Accueil\",\"item\":\"https:\/\/infuzme.fr\/\"},{\"@type\":\"ListItem\",\"position\":2,\"name\":\"Nos th\u00e9s\"}]},{\"@type\":\"WebSite\",\"@id\":\"https:\/\/infuzme.fr\/#website\",\"url\":\"https:\/\/infuzme.fr\/\",\"name\":\"Infuzme\",\"description\":\"\",\"potentialAction\":[{\"@type\":\"SearchAction\",\"target\":{\"@type\":\"EntryPoint\",\"urlTemplate\":\"https:\/\/infuzme.fr\/?s={search_term_string}\"},\"query-input\":{\"@type\":\"PropertyValueSpecification\",\"valueRequired\":true,\"valueName\":\"search_term_string\"}}],\"inLanguage\":\"fr-FR\"}]}<\/script>\n<!-- \/ Yoast SEO plugin. -->","yoast_head_json":{"title":"Nos th\u00e9s - Infuzme","robots":{"index":"index","follow":"follow","max-snippet":"max-snippet:-1","max-image-preview":"max-image-preview:large","max-video-preview":"max-video-preview:-1"},"canonical":"https:\/\/infuzme.fr\/?page_id=161","og_locale":"fr_FR","og_type":"article","og_title":"Nos th\u00e9s - Infuzme","og_description":"Nos th\u00e9s bien-\u00eatre Chez Infuzme, le th\u00e9 est bien plus qu\u2019une simple boisson : c\u2019est un rituel, un moment de pause, une source d\u2019\u00e9nergie et de plaisir. Nous avons imagin\u00e9 une gamme de th\u00e9s uniques, alliant qualit\u00e9, saveurs raffin\u00e9es et bienfaits naturels. Chaque cr\u00e9ation est pens\u00e9e pour accompagner vos journ\u00e9es et sublimer vos instants de [&hellip;]","og_url":"https:\/\/infuzme.fr\/?page_id=161","og_site_name":"Infuzme","article_modified_time":"2026-03-23T10:59:31+00:00","twitter_card":"summary_large_image","schema":{"@context":"https:\/\/schema.org","@graph":[{"@type":"WebPage","@id":"https:\/\/infuzme.fr\/?page_id=161","url":"https:\/\/infuzme.fr\/?page_id=161","name":"Nos th\u00e9s - Infuzme","isPartOf":{"@id":"https:\/\/infuzme.fr\/#website"},"datePublished":"2026-03-23T10:58:42+00:00","dateModified":"2026-03-23T10:59:31+00:00","breadcrumb":{"@id":"https:\/\/infuzme.fr\/?page_id=161#breadcrumb"},"inLanguage":"fr-FR","potentialAction":[{"@type":"ReadAction","target":["https:\/\/infuzme.fr\/?page_id=161"]}]},{"@type":"BreadcrumbList","@id":"https:\/\/infuzme.fr\/?page_id=161#breadcrumb","itemListElement":[{"@type":"ListItem","position":1,"name":"Accueil","item":"https:\/\/infuzme.fr\/"},{"@type":"ListItem","position":2,"name":"Nos th\u00e9s"}]},{"@type":"WebSite","@id":"https:\/\/infuzme.fr\/#website","url":"https:\/\/infuzme.fr\/","name":"Infuzme","description":"","potentialAction":[{"@type":"SearchAction","target":{"@type":"EntryPoint","urlTemplate":"https:\/\/infuzme.fr\/?s={search_term_string}"},"query-input":{"@type":"PropertyValueSpecification","valueRequired":true,"valueName":"search_term_string"}}],"inLanguage":"fr-FR"}]}},"_links":{"self":[{"href":"https:\/\/infuzme.fr\/index.php?rest_route=\/wp\/v2\/pages\/161","targetHints":{"allow":["GET"]}}],"collection":[{"href":"https:\/\/infuzme.fr\/index.php?rest_route=\/wp\/v2\/pages"}],"about":[{"href":"https:\/\/infuzme.fr\/index.php?rest_route=\/wp\/v2\/types\/page"}],"author":[{"embeddable":true,"href":"https:\/\/infuzme.fr\/index.php?rest_route=\/wp\/v2\/users\/1"}],"replies":[{"embeddable":true,"href":"https:\/\/infuzme.fr\/index.php?rest_route=%2Fwp%2Fv2%2Fcomments&post=161"}],"version-history":[{"count":3,"href":"https:\/\/infuzme.fr\/index.php?rest_route=\/wp\/v2\/pages\/161\/revisions"}],"predecessor-version":[{"id":173,"href":"https:\/\/infuzme.fr\/index.php?rest_route=\/wp\/v2\/pages\/161\/revisions\/173"}],"wp:attachment":[{"href":"https:\/\/infuzme.fr\/index.php?rest_route=%2Fwp%2Fv2%2Fmedia&parent=161"}],"curies":[{"name":"wp","href":"https:\/\/api.w.org\/{rel}","templated":true}]}}